u(i) = 330*i + 9911. Determine u(-29).
341
Let c(a) = -1235*a - 535960. Determine c(-434).
30
Let j(d) = -99803*d - 598820. What is j(-6)?
-2
Let u(v) = 2*v**2 - 215424*v - 1077173. Determine u(-5).
-3
Let g(p) = -31997*p - 1279884. Calculate g(-40).
-4
Let p(t) = -1146*t**2 - 9196*t - 218. What is p(-8)?
6
Let q(g) = -g**2 - 4435*g - 818726. Calculate q(-193).
-20
Let y(l) = -3746*l**2 + 26237*l - 35. Calculate y(7).
70
Let q(f) = -f**3 + 87*f**2 + 1403*f - 11. Determine q(-14).
143
Let d(z) = 153865*z - 1077052. Give d(7).
3
Let u(j) = j**2 - 1721*j + 289571. What is u(189)?
23
Let z(a) = -13*a**2 + 1314*a - 5054. What is z(4)?
-6
Let c(y) = -13*y**3 + 71*y**2 - 5110*y + 25409. Calculate c(5).
9
Let d(g) = g**3 + 26*g**2 - 2455*g - 67174. Determine d(-28).
-2
Let p(x) = 35*x**3 + 38*x**2 - 7*x + 4. What is p(0)?
4
Let l(s) = 2*s**2 + 1532*s + 286420. Calculate l(-324).
4
Let t(m) = 71969*m + 2734872. Determine t(-38).
50
Let r(y) = -3018*y - 9583. What is r(-3)?
-529
Let v(x) = x**3 - 13*x**2 - 1649*x + 15449. Calculate v(43).
12
Let s(m) = -9*m**2 + 78*m - 113. What is s(2)?
7
Let m(r) = -9*r**2 - 6528*r - 38843. What is m(-6)?
1
Let g(u) = 702*u**2 - 24157*u + 9822. Calculate g(34).
-4
Let d(m) = -4*m**3 + 114*m**2 - 45*m + 366. Calculate d(28).
674
Let y(s) = 14955*s - 642990. What is y(43)?
75
Let z(b) = 96*b**2 - 239*b - 59. Determine z(-4).
2433
Let i(b) = 337*b + 19762. Calculate i(-64).
-1806
Let a(o) = -2*o**3 - 3*o**2 - 453*o - 901. Determine a(-2).
9
Let n(x) = -x**2 + 42674*x + 213396. Determine n(-5).
1
Let c(k) = 665*k - 55863. Calculate c(84).
-3
Let i(n) = 6*n**2 + 555*n + 113. Calculate i(-91).
-706
Let x(y) = 3402*y - 54434. What is x(16)?
-2
Let c(s) = 2*s**3 + 50*s**2 + 43*s - 28. Determine c(-23).
1099
Let z(g) = 56*g - 417. Determine z(6).
-81
Let l(s) = 2*s**3 + 54*s**2 + 23*s - 61. Determine l(-27).
-682
Let h(q) = 10*q**3 + 2*q**2 - 52*q + 103. Calculate h(3).
235
Let b(l) = -l**3 - 4*l**2 + 66*l - 105. Calculate b(5).
0
Let g(k) = 2*k**2 - 3306*k + 281360. Determine g(90).
20
Let w(g) = 8396*g - 2871366. Calculate w(342).
66
Let r(h) = 281008*h + 2810083. What is r(-10)?
3
Let s(i) = 128*i**2 - 83*i + 371. Calculate s(5).
3156
Let r(s) = -2*s**2 + 184*s + 3514. Determine r(-16).
58
Let p(y) = -y**3 + 42*y**2 - 290*y - 25. Give p(33).
206
Let a(n) = 31*n**3 + 2493*n**2 - 1438*n + 1548. Calculate a(-81).
-72
Let l(s) = 916*s - 9922. What is l(11)?
154
Let r(s) = 7856*s - 31456. What is r(4)?
-32
Let y(k) = -3542*k + 1225530. Give y(346).
-2
Let z(r) = 2324*r + 61. Give z(1).
2385
Let s(z) = -z**3 - 27*z**2 + 99*z + 4087. Determine s(-24).
-17
Let r(n) = 24*n**3 - 2*n**2 - 78*n + 176. Give r(4).
1368
Let r(p) = -110*p**2 - 1981*p - 1892. Give r(-17).
-5
Let p(g) = -6*g**2 - 4586*g + 18419. Give p(4).
-21
Let w(y) = y**2 + 88*y + 1260. Give w(-16).
108
Let m(h) = h**3 + 151*h**2 + 47*h + 7104. Determine m(-151).
7
Let d(j) = -2*j**3 - 172*j**2 - 303*j + 264. What is d(-84)?
-2508
Let z(r) = 3790*r + 1178537. Calculate z(-311).
-153
Let n(s) = -199*s**3 - 14*s**2 + 28*s + 53. Determine n(-2).
1533
Let n(l) = 14*l**2 - 1301*l - 24364. Calculate n(-16).
36
Let c(w) = -w**3 + 4*w**2 - 23*w + 442. Determine c(8).
2
Let j(z) = -23598*z + 47175. Calculate j(2).
-21
Let s(k) = -k**2 - 61*k + 69. Give s(-60).
129
Let q(o) = o**3 - 3*o**2 - 273*o + 4502. Determine q(17).
3907
Let h(v) = 24390*v - 170738. Determine h(7).
-8
Let r(j) = 69*j - 3083. Determine r(54).
643
Let o(j) = j**2 + 4160*j - 881123. Give o(202).
1
Let h(v) = -22*v**3 - 234*v**2 + 659*v - 211. What is h(-13)?
10
Let s(d) = 12*d + 1499. Calculate s(-146).
-253
Let v(y) = -7*y**2 - 204*y + 2252. Calculate v(-36).
524
Let f(g) = 2*g**3 - 496*g**2 - 4627*g + 283. Give f(257).
26
Let v(t) = -180*t**2 - 2240*t + 7. Determine v(-11).
2867
Let u(o) = -142*o**2 + 2850*o + 39. Calculate u(20).
239
Let z(v) = 2*v**3 - 114*v**2 - v - 72. What is z(57)?
-129
Let m(v) = 580*v**2 - 13. Determine m(-1).
567
Let j(s) = -85*s + 2793. Give j(32).
73
Let o(k) = -65*k + 5211. Give o(94).
-899
Let j(w) = w**2 - 48462*w + 968849. Determine j(20).
9
Let t(p) = -p**2 - 614*p - 8741. What is t(-15)?
244
Let u(m) = 205*m + 5583. What is u(-26)?
253
Let v(q) = -1748*q - 620545. Calculate v(-355).
-5
Let g(z) = -58*z**2 + 227*z - 1153. Determine g(5).
-1468
Let u(x) = -x**2 + 4411*x + 318062. Give u(-71).
-160
Let y(p) = -6*p**3 + 90*p**2 - 82*p + 32. What is y(14)?
60
Let m(g) = -334549*g - 1672746. Calculate m(-5).
-1
Let q(k) = 4*k**2 - 43555*k - 610562. What is q(-14)?
-8
Let g(d) = -2940*d - 52918. What is g(-18)?
2
Let l(w) = 46*w**2 + 3339*w - 4940. Give l(-74).
-130
Let r(g) = -6753*g - 75636. What is r(-12)?
5400
Let a(n) = -2*n**2 - 139*n + 18299. Determine a(-137).
-196
Let y(b) = -4*b**2 + 241*b - 3019. Determine y(13).
-562
Let y(j) = 3484*j + 20. Determine y(0).
20
Let n(j) = 170*j + 44338. Give n(-272).
-1902
Let j(a) = 11*a**2 + 370*a - 212. Calculate j(-34).
-76
Let p(o) = 8*o**3 + 269*o**2 + 1641*o - 3. Give p(-8).
-11
Let a(p) = -14*p**3 + 33*p**2 + 95*p - 128. Determine a(1).
-14
Let n(q) = -q**2 + 3*q + 13999. What is n(120)?
-41
Let l(b) = 13*b**2 - 495*b + 2227. What is l(34)?
425
Let r(a) = -14500*a + 57979. Determine r(4).
-21
Let f(o) = 3727*o**2 - 22358*o + 16. Give f(6).
40
Let h(n) = -1383*n - 13557. Determine h(-10).
273
Let x(w) = -1539*w**2 + 15387*w - 7. What is x(10)?
-37
Let n(h) = -462*h - 4239. Determine n(-7).
-1005
Let q(i) = 3*i**3 - 48*i**2 - 12*i + 62. What is q(6)?
-1090
Let v(m) = m**3 + 32*m**2 - 10166*m - 93360. Calculate v(-9).
-3
Let m(q) = -2395*q**2 + 40685*q + 509. Calculate m(17).
-1
Let n(b) = b**2 - 250*b + 10954. Determine n(57).
-47
Let j(k) = 4*k**2 + 1632*k + 11231. What is j(-7)?
3
Let d(c) = -3*c**2 + 107*c + 53. Calculate d(-4).
-423
Let o(l) = -43*l**3 + 1161*l**2 - l + 13. Give o(27).
-14
Let a(u) = -51*u**2 + 2067*u - 887. Determine a(40).
193
Let r(o) = -5*o**2 + 253*o - 1150. What is r(5)?
-10
Let u(f) = f**3 - 253*f**2 - 1712*f - 28135. Determine u(260).
-55
Let w(c) = c**2 - 3460*c - 333. Give w(0).
-333
Let j(s) = -785*s + 413690. Give j(527).
-5
Let o(v) = -v**3 + 7*v**2 - 550*v + 5348. Give o(10).
-452
Let q(i) = -77*i**3 + 1540*i**2 + 286*i - 5717. What is q(20)?
3
Let j(f) = -27*f**3 + 26*f**2 - 156*f + 123. Determine j(6).
-5709
Let f(o) = -23*o**3 - 1592*o**2 + 9974*o - 82. Give f(-75).
-7
Let f(p) = 624*p - 191259. Determine f(307).
309
Let b(a) = 1163*a**2 - 4*a + 138. Determine b(0).
138
Let w(k) = -308567*k - 5554215. Determine w(-18).
-9
Let u(o) = 44686*o - 357404. Calculate u(8).
84
Let z(r) = r**3 - 31*r**2 + 188*r - 91. Give z(23).
1
Let l(t) = -t**3 + 23*t**2 - 13*t + 8. Calculate l(16).
1592
Let j(m) = -23*m**3 + 321*m**2 + 46*m - 659. Give j(14).
-211
Let v(g) = g**3 + 25*g**2 - 24*g - 8. Determine v(9).
2530
Let z(f) = 7*f**2 - 958*f - 119369. Calculate z(-79).
0
Let x(f) = -485239*f + 18439089. Calculate x(38).
7
Let y(v) = 6*v**2 + 578*v + 1379. What is y(-94)?
63
Let f(c) = -13*c**2 + 255*c + 216. Calculate f(21).
-162
Let a(z) = 7174096*z + 7174090. Give a(-1).
-6
Let f(g) = -g**3 + 280*g**2 + 8954*g - 193. What is f(-29)?
10
Let x(i) = -i**3 - 16*i**2 + 179*i - 396. Give x(5).
-26
Let t(y) = y**3 + 380*y**2 + 824*y + 25701. What is t(-378)?
-3
Let z(m) = 681*m - 34527. Calculate z(48).
-1839
Let q(f) = 7402*f + 37798. Give q(-5).
788
Let d(n) = -957*n - 78. Give d(0).
-78
Let s(w) = 125903*w - 2014451. Give s(16).
-3
Let m(s) = -30*s**2 + 2016*s + 3643. What is m(69)?
-83
Let p(y) = 73*y**3 - 4013*y**2 - 9*y - 5543. Give p(55).
12
Let d(g) = -6579*g - 368420. Calculate d(-56).
4
Let q(w) = w**2 - 3725*w + 205464. Give q(56).
0
Let s(m) = 57255*m - 342979. Determine s(6).
551
Let i(o) = -o**2 - 41*o - 585. Calculate i(-17).
-177
Let i(q) = -q**3 + 4*q**2 - 2692*q + 13309. What is i(5)?
-176
Let i(u) = -11804*u - 70789. Determine i(-6).
35
Let t(i) = -i**3 + 41*i**2 - 134*i - 872. Determine t(37).
-354
Let g(z) = 12*z**3 + z**2 - 9*z + 157. Calculate g(0).
157
Let i(n) = 7144*n + 41549. What is i(-6)?
-1315
Let s(w) = 14*w**3 + 317*w**2 + 1576*w + 17. Determine s(-7).
-284
Let p(k) = -12*k**3 - 312*k**2 - 8*k - 221. Give p(-26).
-13
Let h(j) = 25417*j - 482923. Give h(19).
0
Let a(l) = -l**2 + 87